 15) in base 4?
1332001311
What is -3924321 (base 11) in base 15?
-8e4859
What is -1de5b9 (base 15) in base 16?
-165ec1
-40b69bb (base 12) to base 9
-24830068
Convert -49819a (base 11) to base 3.
-1110222100122
Convert -1656010 (base 7) to base 6.
-4552401
38a06 (base 14) to base 7
1116506
Convert 2487451 (base 11) to base 2.
10000011101010011000111
1563223 (base 7) to base 6
4353414
-213021033232 (base 4) to base 6
-1003534514
What is 141241441 (base 5) in base 4?
2301223002
Convert 1312a9 (base 12) to base 8.
1143541
Convert -61a99 (base 14) to base 5.
-30012320
What is -1802a3 (base 12) in base 13?
-116c52
Convert 1257a1 (base 11) to base 6.
4124230
What is 111211031203 (base 4) in base 2?
10101100101001101100011
What is -23868842 (base 9) in base 5?
-10442203122
What is 34034 (base 6) in base 12?
291a
Convert 4113203 (base 5) to base 6.
1232410
2011012122120 (base 3) to base 5
243130413
Convert -12113244 (base 5) to base 16.
-1bba6
What is -3021 (base 13) in base 3?
-100002010
1011303121 (base 4) to base 9
475171
Convert 11405206 (base 8) to base 14.
48c79c
-100010002121 (base 3) to base 6
-3502324
What is 301321033000 (base 4) in base 13?
292c456
-32635434 (base 8) to base 9
-14200805
-1264878 (base 10) to base 7
-13515456
Convert 3355462 (base 9) to base 4.
12321132230
What is 408944 (base 11) in base 9?
1208756
Convert -610188 (base 10) to base 7.
-5120655
What is -432252 (base 6) in base 10?
-35528
What is 1040ab (base 16) in base 6?
34455055
What is 1001001111011000101 (base 2) in base 9?
511312
-1561651 (base 11) to base 16
-28b117
Convert -43342 (base 10) to base 9.
-65407
-1b7338 (base 12) to base 5
-111131000
What is 39b98 (base 12) in base 9?
130888
What is 4a60b (base 13) in base 2?
100001100000010111
34308 (base 14) to base 6
2415044
Convert -12000343 (base 5) to base 6.
-2202453
What is -1596542 (base 12) in base 14?
-833950
What is -33480 (base 9) in base 7?
-121626
49a7b (base 13) to base 7
1103642
What is -405336 (base 10) in base 16?
-62f58
-104230a (base 15) to base 4
-230100022300
-10422410 (base 5) to base 13
-32c98
What is -42422400 (base 5) in base 3?
-200011212201
What is -20112021223 (base 4) in base 14?
-40d495
Convert 4a1985 (base 11) to base 3.
1111021222002
What is -263c4 (base 13) in base 2?
-10001010100111011
3160446 (base 7) to base 15
78d60
-32125400 (base 6) to base 12
-396860
Convert -3673d (base 14) to base 7.
-1063106
What is 120212101222 (base 3) in base 10?
312308
What is 4130202 (base 7) in base 5?
111312311
What is 10723131 (base 8) in base 10?
2336345
What is 1423323140 (base 5) in base 3?
21000111022120
-7304318 (base 10) to base 15
-994398
Convert -2033002202 (base 4) to base 10.
-585890
-40777 (base 10) to base 14
-10c09
What is -5205262 (base 7) in base 11?
-396675
34440 (base 13) to base 3
11211120220
293178 (base 12) to base 7
5601545
What is -58397 (base 10) in base 4?
-32100131
Convert -5d685 (base 16) to base 8.
-1353205
-225410 (base 8) to base 16
-12b08
Convert 399450 (base 10) to base 16.
6185a
What is -3b7046 (base 12) in base 6?
-33052130
-1865bc (base 13) to base 14
-11da67
71666 (base 10) to base 4
101133302
What is 26935b (base 13) in base 10?
934308
Convert 101111101110100111 (base 2) to base 4.
233232213
What is -2d7275 (base 14) in base 4?
-12011112013
34e4c6 (base 16) to base 12
11b205a
Convert -223302 (base 4) to base 13.
-1377
1b079b (base 12) to base 8
1645547
25886 (base 14) to base 13
32ca3
What is -71bb (base 12) in base 3?
-121222122
Convert 1ea2a1 (base 15) to base 13.
407b51
What is 166213301 (base 7) in base 12?
3a017b5
Convert 3220313300 (base 4) to base 13.
275204
Convert 1141330 (base 7) to base 6.
3033151
-814413 (base 10) to base 15
-111493
What is -2055a4 (base 13) in base 11?
-4759a5
Convert 10000210101212 (base 3) to base 11.
9aa619
Convert 2044223 (base 5) to base 14.
c70d
Convert 140342214 (base 5) to base 14.
148977
Convert -131bbb (base 12) to base 5.
-40030440
Convert -532037 (base 9) to base 13.
-b1040
Convert -694b45 (base 12) to base 10.
-1688165
Convert -22221122212 (base 3) to base 13.
-62258
What is -40b6e (base 15) in base 4?
-302010113
-691aa (base 12) to base 16
-223d2
Convert -1031500 (base 7) to base 16.
-1ea00
Convert -31d7cd (base 14) to base 2.
-110011100011000011001
Convert -1127521 (base 8) to base 12.
-129815
-41200020 (base 5) to base 14
-89c09
Convert 17037 (base 13) to base 16.
abd2
Convert -ca349 (base 13) to base 16.
-592d6
11001011000000000 (base 2) to base 14
29c40
What is 12412575 (base 9) in base 14?
b47827
1806b (base 14) to base 13
216a0
Convert 3413211211 (base 5) to base 11.
429a420
10601311 (base 7) to base 3
1201222200221
Convert 31413003 (base 5) to base 3.
111101110101
What is -245633 (base 9) in base 7?
-1155645
What is -179568 (base 10) in base 14?
-49624
What is 10213232 (base 4) in base 13?
87cb
What is 3bb54 (base 12) in base 8?
241660
1062520 (base 7) to base 14
36680
-116091 (base 11) to base 2
-101100110111100010
32c2c (base 15) to base 3
22012100120
What is 2600643 (base 8) in base 3?
1100122110101
-1448114 (base 10) to base 3
-2201120102212
-1430601 (base 8) to base 2
-1100011000110000001
Convert 11020212011221 (base 3) to base 16.
227f1a
-1333452 (base 6) to base 14
-1d316
Convert 166549 (base 10) to base 5.
20312144
101121000011010 (base 3) to base 16
55e609
What is -10110612 (base 7) in base 3?
-1120211110020
What is 4604285 (base 10) in base 13?
c5293a
Convert -60aa (base 16) to base 2.
-110000010101010
-1144241014 (base 5) to base 8
-12317322
What is 74943 (base 11) in base 4?
122212103
What is -220010001122 (base 3) in base 11?
-2a4656
What is 1006125 (base 7) in base 14?
31915
-91f94 (base 16) to base 13
-17c1bc
285406 (base 14) to base 15
1c910b
-833460 (base 9) to base 2
-1111000110000110000
Convert -1111110000000001110 (base 2) to base 9.
-865865
Convert 12740f (base 16) to base 14.
236a2b
-16abcd9 (base 14) to base 9
-23018872
What is 10020012202100 (base 3) in base 5?
414412430
What is 239a92 (base 15) in base 13?
47842a
419d5 (base 15) to base 9
346412
What is 1014540 (base 7) in base 10?
121695
What is 1b26bc (base 16) in base 14?
344672
What is -3321202233 (base 4) in base 3?
-1220221002120
-112123310 (base 4) to base 16
-166f4
What is -1022212102001 (base 3) in base 12?
-2a066a
300444 (base 5) to base 13
4429
Convert -117c0 (base 16) to base 10.
-71616
-102221001220 (base 3) to base 2
-111001010100100101
Convert 52aab (base 12) to base 10.
108707
What is -6016261 (base 8) in base 2?
-110000001110010110001
Convert 3265427 (base 8) to base 10.
879383
-7a0a (base 13) to base 5
-1021304
-23043342 (base 5) to base 15
-410ec
Convert 74953a (base 14) to base 16.
3c2ee0
What is 51222121 (base 7) in base 8?
20234542
What is cd71 (base 15) in base 2?
1010101000001011
200011210010 (base 3) to base 4
1113112110
-3920a (base 12) to base 3
-10222002001
What is 43588 (base 13) in base 6?
2335504
-b9874 (base 15) to base 4
-2033311213
-11110001111110010 (base 2) to base 4
-132033302
-1304295 (base 13) to base 9
-12167700
-11010001111101111 (base 2) to base 7
-625264
Convert 1340410212 (base 5) to base 6.
201543214
What is -ea5ec8 (base 15) in base 9?
-22885448
28d92d (base 15) to base 5
1001012233
Convert -602365 (base 7) to base 13.
-373ba
Convert 1421142 (base 7) to base 11.
11a90a
282ae (base 16) to base 3
22100200120
What is 54466 (base 12) in base 8?
331216
What is -265582 (base 11) in base 6?
-12535534
What is -1620 (base 11) in base 6?
-13343
What is -d095 (base 15) in base 16?
-abef
3241004 (base 6) to base 13
5832a
453253032 (base 6) to base 8
37455354
-11200012210 (base 3) to base 8
-263552
-212334010 (base 5) to base 13
-25796b
What is 14114402 (base 5) in base 10?
144977
What is -1257533 (base 8) in base 6?
-11314015
Convert 110100110100110110 (base 2) to base 3.
101222210212
-1100001110100010000 (base 2) to base 3
-202100121010
What is -2022210122122 (base 3) in base 9?
-2283578
What is 1879c3 (base 13) in base 3?
1011100010221
-12020111102 (base 3) to base 4
-121023233
56779 (base 14) to base 12
a165b
-101022012323 (base 4) to base 2
-10001001010000110111011
What is a3026 (base 11) in base 6?
3120235
What is 312851 (base 9) in base 4?
231120010
Convert 23411553 (base 6) to base 11.
460513
673a1